en 1097779 is divided by 274311?
535
What is the remainder when 7406133 is divided by 1306?
1113
What is the remainder when 1141461 is divided by 285283?
329
What is the remainder when 15300811 is divided by 1390982?
9
Calculate the remainder when 184138 is divided by 5786.
4772
What is the remainder when 19510093 is divided by 6503357?
22
Calculate the remainder when 4911018 is divided by 1793.
1784
What is the remainder when 198685775 is divided by 16?
15
Calculate the remainder when 8268 is divided by 1329.
294
What is the remainder when 1358214 is divided by 63?
60
Calculate the remainder when 20860403 is divided by 803.
69
What is the remainder when 2587412 is divided by 3144?
3044
What is the remainder when 1958523 is divided by 237?
192
Calculate the remainder when 18239407 is divided by 506650.
7
What is the remainder when 108824089 is divided by 25892?
13
Calculate the remainder when 36864 is divided by 772.
580
Calculate the remainder when 740676 is divided by 67334.
2
What is the remainder when 968647198 is divided by 4243?
4242
Calculate the remainder when 4862699 is divided by 22.
17
What is the remainder when 343940358 is divided by 4781?
4780
Calculate the remainder when 9587608 is divided by 2035.
723
Calculate the remainder when 5804 is divided by 3734.
2070
What is the remainder when 11712 is divided by 422?
318
Calculate the remainder when 1297089 is divided by 228.
225
What is the remainder when 162532 is divided by 713?
681
What is the remainder when 9871 is divided by 1710?
1321
What is the remainder when 756287 is divided by 94529?
55
What is the remainder when 538931 is divided by 538847?
84
Calculate the remainder when 557457 is divided by 236.
25
Calculate the remainder when 1304545 is divided by 629.
628
What is the remainder when 20116797 is divided by 16?
13
Calculate the remainder when 16256 is divided by 497.
352
What is the remainder when 219202 is divided by 2495?
2137
Calculate the remainder when 101260894 is divided by 50630444.
6
Calculate the remainder when 392115976 is divided by 729.
727
What is the remainder when 765080 is divided by 21252?
8
What is the remainder when 43395 is divided by 37504?
5891
Calculate the remainder when 39950 is divided by 3957.
380
Calculate the remainder when 21892400 is divided by 711.
710
Calculate the remainder when 242531288 is divided by 40421880.
8
What is the remainder when 202300 is divided by 67421?
37
What is the remainder when 54989774 is divided by 1029?
14
What is the remainder when 418437 is divided by 136120?
10077
Calculate the remainder when 875182956 is divided by 3933.
3930
What is the remainder when 2241359 is divided by 396?
395
Calculate the remainder when 34750781 is divided by 5299.
5238
What is the remainder when 8603565 is divided by 22004?
1
Calculate the remainder when 184064841 is divided by 99.
81
What is the remainder when 1238021 is divided by 389?
223
Calculate the remainder when 250083 is divided by 5110.
4803
Calculate the remainder when 3639683 is divided by 332.
299
Calculate the remainder when 106352 is divided by 147.
71
Calculate the remainder when 5155917 is divided by 240.
237
What is the remainder when 4460064 is divided by 3686?
4
Calculate the remainder when 35265342 is divided by 1259476.
14
Calculate the remainder when 4220084 is divided by 36069.
11
What is the remainder when 22322883 is divided by 354?
351
What is the remainder when 56193 is divided by 596?
169
What is the remainder when 362263843 is divided by 13?
6
What is the remainder when 32424163 is divided by 513?
511
Calculate the remainder when 15579710 is divided by 304.
14
Calculate the remainder when 23122015 is divided by 8009.
32
Calculate the remainder when 124433 is divided by 1880.
353
What is the remainder when 39405 is divided by 892?
157
What is the remainder when 931363 is divided by 3213?
2806
What is the remainder when 30776 is divided by 113?
40
Calculate the remainder when 16367229 is divided by 50.
29
Calculate the remainder when 6022284 is divided by 47.
33
What is the remainder when 893581 is divided by 23?
8
Calculate the remainder when 327485 is divided by 348.
17
What is the remainder when 9026133 is divided by 36?
33
What is the remainder when 7530209 is divided by 56?
1
What is the remainder when 458142 is divided by 249?
231
Calculate the remainder when 349370 is divided by 102.
20
Calculate the remainder when 1202085 is divided by 93.
60
Calculate the remainder when 5207830 is divided by 1245.
1240
Calculate the remainder when 76059 is divided by 333.
135
Calculate the remainder when 18489230 is divided by 41.
34
What is the remainder when 1529780 is divided by 12?
8
What is the remainder when 1442069 is divided by 20306?
343
Calculate the remainder when 5652610 is divided by 16921.
996
What is the remainder when 5382311 is divided by 138007?
38
Calculate the remainder when 761663 is divided by 380819.
25
Calculate the remainder when 44084 is divided by 6106.
1342
What is the remainder when 2782752 is divided by 426?
120
What is the remainder when 911812 is divided by 130252?
48
Calculate the remainder when 1883230 is divided by 56.
6
What is the remainder when 452205 is divided by 759?
600
Calculate the remainder when 5184337 is divided by 79759.
2
What is the remainder when 188200 is divided by 2496?
1000
Calculate the remainder when 355254 is divided by 734.
732
What is the remainder when 31561 is divided by 634?
495
What is the remainder when 12296218 is divided by 2447?
43
What is the remainder when 154345 is divided by 7619?
1965
What is the remainder when 180072423 is divided by 2369?
2364
Calculate the remainder when 1007315 is divided by 251708.
483
What is the remainder when 13115281 is divided by 215?
66
What is the remainder when 61213965 is divided by 898?
897
Calculate the remainder when 818581 is divided by 291.
289
Calculate the remainder when 8522808 is divided by 55.
8
What is the remainder when 24708 is divided by 4864?
388
Calculate the remainder when 73048497 is divided by 27.
24
What is the remainder when 17825301 is divided by 94?
81
Calculate the remainder when 363503 is divided by 33045.
8
Calculate the remainder when 1852826 is divided by 730.
86
Calculate the remainder when 17023 is divided by 7877.
1269
Calculate the remainder when 15406830 is divided by 3081354.
60
What is the remainder when 1338018 is divided by 1337982?
36
What is the remainder when 1464018 is divided by 250?
18
What is the remainder when 139947 is divided by 5?
2
What is the remainder when 9703763 is divided by 14614?
67
What is the remainder when 4322928 is divided by 1440969?
21
Calculate the remainder when 583709 is divided by 12450.
11009
Calculate the remainder when 887072 is divided by 80.
32
Calculate the remainder when 136636 is divided by 434.
360
Calculate the remainder when 21964858 is divided by 84.
34
What is the remainder when 31431585 is divided by 623?
612
What is the remainder when 1618582 is divided by 300?
82
What is the remainder when 4162 is divided by 1833?
496
Calculate the remainder when 85561 is divided by 220.
201
Calculate the remainder when 4433663 is divided by 642.
11
What is the remainder when 18373439 is divided by 78?
71
What is the remainder when 11648 is divided by 611?
39
Calculate the remainder when 48317985 is divided by 1667.
1657
What is the remainder when 147888 is divided by 5280?
48
What is the remainder when 18727866 is divided by 8?
2
What is the remainder when 2012369 is divided by 74532?
5
What is the remainder when 3774473 is divided by 726?
725
Calculate the remainder when 45679759 is divided by 11419934.
23
What is the remainder when 150510636 is divided by 208?
172
Calculate the remainder when 3139163 is divided by 1569571.
21
What is the remainder when 548942 is divided by 93?
56
What is the remainder when 6698891 is divided by 1289?
1247
What is the remainder when 1720489 is divided by 2313?
1930
Calculate the remainder when 5949327 is divided by 3123.
12
Calculate the remainder when 1004653 is divided by 502260.
133
What is the remainder when 875971 is divided by 1519?
1027
What is the remainder when 1206758 is divided by 14?
0
What is the remainder when 1029603 is divided by 232?
219
Wha